t j(u) = 7*u**2 - 3*u - 6. Let f(c) = -13*c**2 + 5*c + 11. Let p(q) = -6*f(q) - 11*j(q). What are the prime factors of p(r)?
2, 5
Let b = 73156 - 52184. What are the prime factors of b?
2, 7, 107
What are the prime factors of (149 - 157)*(-635 - 2)?
2, 7, 13
Suppose 0*l - l + 6 = -r, -3*r - 8 = -2*l. Suppose -l*t = -20*t + 7820. What are the prime factors of t?
2, 17, 23
Let x(r) = 23*r - 90. Let z be x(4). Suppose 3*s = -z*c + 522, 4*c - 340 = -2*s - 0*s. What are the prime factors of s?
2, 11
Let f = 8 + 4. Suppose -f*q = -2199 - 489. What are the prime factors of q?
2, 7
Let u = -344 - -567. Suppose 2*r = u + 27. Let o = r - 56. List the prime factors of o.
3, 23
Let d(s) = 5432*s + 5879. What are the prime factors of d(6)?
17, 31, 73
Let i = -282 - 461. Let p = -227 - i. List the prime factors of p.
2, 3, 43
Let n = -709 + 846. Suppose 0 = 3*r + 4*j - 3*j - n, -5*r + 230 = 2*j. List the prime factors of r.
2, 11
Suppose 6*h - 159 = -87. List the prime factors of (-724)/(-14)*42/h.
181
Suppose 3*d + 3 = 5*a, -3*a + 0*a = 9. List the prime factors of ((-51)/(-6))/(d/(-324)).
3, 17
Let d(w) = -2. Let q(p) = -1249*p - 11. Let b(a) = -6*d(a) + q(a). List the prime factors of b(-1).
2, 5
Let s(d) = d**3 + 22*d**2 + 42*d - 41. Let n be 14/((-770)/1023) - 4/10. What are the prime factors of s(n)?
2, 61
Let s(f) = -2245*f + 63. What are the prime factors of s(-3)?
2, 3, 11, 103
Let g be 30/18 + 26/6. Suppose 2618 = x + g*x. What are the prime factors of x?
2, 11, 17
Suppose 62*n - 167*n = -95144 - 139321. What are the prime factors of n?
7, 11, 29
Let j = 199 - 187. Let r(f) = 28*f + 169. What are the prime factors of r(j)?
5, 101
Let v be (-1)/(-4) - 18/(-24). Suppose -3*l - 4*q - 7 = 0, -4*l + 5 - v = 2*q. Suppose l*m = 4*s + 189, 162 = 2*m + m + 5*s. List the prime factors of m.
59
Suppose -135*d + 8292 = -141*d. Let r = d + 2412. List the prime factors of r.
2, 5, 103
Let s = -5246 + 6775. What are the prime factors of s?
11, 139
Let b(q) = 3*q**3 - 2*q**2 - 6*q + 7. Let c be b(1). Suppose 0*l = c*n - 4*l - 196, 2*n - l = 196. What are the prime factors of n?
2, 7
Let d(y) = -290 + 181 - 2*y - y**3 + 9*y**2 - 23*y**2 + 113. Let s(r) = -14*r**2 + r + 1. Let a be s(-1). List the prime factors of d(a).
2
Let b be 78/16 + (-25)/(-200). Let x be -1 + 3 + (b - 161). Let c = x - -303. List the prime factors of c.
149
Let a = 3067 - 2175. List the prime factors of (a - -14)*2/1.
2, 3, 151
Suppose 0 = -15*j + 1348 - 373. Suppose j + 4435 = 10*s. What are the prime factors of s?
2, 3, 5
List the prime factors of (56616/60 + -13)*(2 - 0 - -3).
3, 11, 47
Let v be (-46)/(-9) - ((-105)/27 - -4). Suppose -c = v*c - 1302. What are the prime factors of c?
7, 31
Let j(w) be the second derivative of -152*w**3/3 - 9*w**2 + 122*w. List the prime factors of j(-3).
2, 3, 149
Suppose 3073*d = 3069*d + 5020. What are the prime factors of d?
5, 251
Let l(w) = -5*w - 140. Let g be l(-28). Suppose 21*u - 23*u + 10 = g, 4*i - 2971 = -3*u. What are the prime factors of i?
739
Let q(f) = 101*f - 192. Let m be q(5). Suppose 324*o - m*o = 11044. List the prime factors of o.
2, 251
Suppose -5*i - 5*r + 386 + 78404 = 0, -2*r = -5*i + 78741. What are the prime factors of i?
19, 829
Suppose -2*r - 3*b + 6192 = -10153, -2*r + 16289 = -5*b. List the prime factors of r.
2, 7, 11, 53
Suppose w - 3*w + 54646 = 4*u, -3*w + 54649 = 4*u. List the prime factors of u.
2, 5, 683
Let s(b) = 2*b**2 + 18*b + 42. Let t be s(-5). Suppose 4*z - 3*z = 5. Suppose t*g + z*o = 352, 0*g = -g + 4*o + 150. What are the prime factors of g?
2, 83
Let c = 2996 + 1734. What are the prime factors of c?
2, 5, 11, 43
Suppose 20*i - 677 = 1003. Suppose 3*k - 81*l - 1446 = -i*l, 0 = 5*k - 5*l - 2360. List the prime factors of k.
3, 53
Let r(s) = 119*s + 564. List the prime factors of r(65).
43, 193
Suppose -2*c + 25030 = 4*g, -4*c = g - 7110 - 42887. What are the prime factors of c?
12497
Let s = -605 + 606. Let x(m) = 64*m - 14. List the prime factors of x(s).
2, 5
Suppose 0 = 3*q + 2*p - 9904 - 20597, 0 = -q - p + 10166. List the prime factors of q.
10169
List the prime factors of (-507668)/(-26) - 168/(-546).
2, 13, 751
Let x(o) = 96*o + 4. Let i be x(-2). Let h be (i/3)/((-8)/12). List the prime factors of (2 + 6 + -6)*h/4.
47
Suppose 28*i = 32*i. Suppose i*k = -l + 3*k + 614, 613 = l - 2*k. List the prime factors of l.
13, 47
Let f(y) = 1478*y**3 - 5*y + 9. List the prime factors of f(1).
2, 3, 13, 19
List the prime factors of (-24)/(-6) + (28*3040)/8.
2, 3, 887
Suppose -34*i + 1318504 = 246144. What are the prime factors of i?
2, 5, 19, 83
List the prime factors of (-21)/3*(17298/(-14) + -7).
2, 4349
Let f be 4 - (-2 - -11) - (-1 - 8). Suppose 5*v + 5*h - 3114 = 8*h, -5*v = f*h - 3093. List the prime factors of v.
3, 23
Suppose -55*i + 892666 = 339476. List the prime factors of i.
2, 47, 107
Let f be ((-4)/3)/4*-9. Suppose 3*u - 7*u = f*m + 1, u - m = 5. Suppose -r + y = 2*r - 331, -u*r + 222 = -y. List the prime factors of r.
109
Let z(p) = -1061*p**3 - 4*p**2 + 13*p + 43. List the prime factors of z(-2).
13, 653
Let k = 32 + -27. Suppose -3*d - 604 = -k*d. What are the prime factors of d?
2, 151
Suppose -208 = -12*r + 272. Suppose 2*g = -3*v + r, -v - v = -4*g - 32. What are the prime factors of v?
2, 7
Let s = 203 - 140. Let d = s - 59. Suppose 5 = -z - 4*a + 62, -153 = -d*z - a. What are the prime factors of z?
37
Let c = 233 - 241. List the prime factors of -6 + 5 - (c - 140).
3, 7
What are the prime factors of (2/(-63))/(60/(-540)) - 281074/(-14)?
17, 1181
Let q(s) be the second derivative of s**3/3 - 49*s**2/2 - 12*s. Let z be q(23). What are the prime factors of ((-2)/(-4))/((-1420)/(-472) + z)?
59
Let u(j) = -52*j - 1. Let f be u(4). Let c = f + 348. Suppose -3*i = 5*n - 346, i - c = -0*n - 2*n. List the prime factors of n.
71
Let n(f) = 7*f**2 + 33*f - 1. Let u be n(-10). Let q = 729 - u. List the prime factors of q.
2, 3, 5
List the prime factors of (0 - -1)*(-258 + 257 + (13779 - -1)).
3, 1531
Let q(u) = -2655*u - 2571. What are the prime factors of q(-8)?
3, 7, 127
Let v(i) = 24*i + 4. Let g be 2/10 + (-1 - 28/(-10)). Let k be 0*g/(-8) - -3*1. List the prime factors of v(k).
2, 19
Let x(t) = -1349*t - 1990. What are the prime factors of x(-17)?
3, 13, 179
Suppose v - 2*d - 9 = 0, 2*v + 0*d = 5*d + 21. Suppose 5*t + 3*l - 2772 = 0, t - v*l = -2*l + 548. Suppose 2*n + t = 10*n. List the prime factors of n.
3, 23
Suppose 2*l + 3*k - 2035 = 1056, 4*l = 5*k + 6149. What are the prime factors of l?
23, 67
Let g(f) = 14*f**2 - 42*f + 236. List the prime factors of g(18).
2, 251
Suppose 5 = 4*s + 3*h, s - 2*h - 3 - 1 = 0. Suppose -4*f - 5*q = -f - 1555, -1044 = -s*f + 4*q. List the prime factors of f.
2, 5, 13
Let x = 20561 + -4052. List the prime factors of x.
3, 5503
Let p(k) = -40*k + 59. Suppose 3*j + 6 = 2*l, 5*j + 2*l + 10 = -l. List the prime factors of p(j).
139
Let z(f) = -f**3 - 5*f**2 + 11*f - 1. Let h be z(-8). Let v = h - 60. List the prime factors of v.
43
Let x(o) = -2*o + 172. Let d be x(12). Suppose 4*p = d + 1156. What are the prime factors of p?
2, 163
Let k = 62 + -60. Suppose h - k*h = -2*h. Suppose -5*t + 51 = 3*d, 4*d = -h*d - t + 68. What are the prime factors of d?
17
Suppose 51 = 5*o - 604. Suppose -637 = -8*v + o. Let r = v - 5. What are the prime factors of r?
7, 13
Let r be (4 - (-595)/(-45)) + 4/18. List the prime factors of (-2)/(3/18*r/393).
2, 131
Let f be (-10)/(-6) + (-2)/(-6). Suppose 98*p - 273 - 119 = 0. Suppose 2*l - 5*l = -f*i + 198, 0 = 2*i - p*l - 202. List the prime factors of i.
3, 31
Let l be (2 - 1043) + 5 + -11. Let a = l - -1947. What are the prime factors of a?
2, 3, 5
Suppose l + t = 773, 3*l + l + 5*t - 3089 = 0. Suppose -5*p = -5*h - 2415, 2*h = -2*p + 170 + l. What are the prime factors of p?
2, 239
Suppose p - 5*d + 15 = 0, -6*p - 6 = -4*p - 4*d. Suppose 3*b = p*q + 571, -5*q - 190 = -5*b + 745. What are the prime factors of b?
2, 7, 13
Let i be 0 - (-3)/((-6)/(-70)). Suppose 36 = 8*t - 20*t + 12. List the prime factors of i/t*(-26 - -12).
5, 7
Suppose -461 = -l - 3*v, -4*l + 1472 = 5*v - 393. Let m = -78 + l. List the prime factors of m.
2, 7
Suppose 5*s = 2*z - 7, -923*s = -z - 927*s - 29. Let q(c) = 2*c + 23. Let a(k) = -7*k - 70. Let b(m) =